+ 5*v = 219 + 32, 2*v = 4*g - c. What is the units digit of g?
7
Let n = 18187 - -4939. What is the tens digit of n?
2
Suppose -3*o + 51*w = 47*w + 564, 5*o = -w - 940. Let g = o - -1644. What is the thousands digit of g?
1
Let f(w) = -10 + 15*w + 61 - 30*w + 21*w. Suppose -3*m - 63 = -7*m - 5*k, -3*k - 71 = -4*m. What is the hundreds digit of f(m)?
1
Let u(k) = 56*k - 2. Let t be u(5). Let h = -644 - -520. Let w = h + t. What is the units digit of w?
4
Suppose -3*p + 2*p = -5*z + 15, 0 = p - 5. Suppose -b + 60 = -z*b. What is the tens digit of (5/(b/(-16)))/((-8)/(-68))?
3
Let w(f) = f**3 + 10*f**2 + 15. Let r be w(0). Suppose r*j + 2627 = 7247. What is the hundreds digit of j?
3
Suppose -88815 = -3*s + 1139*d - 1135*d, 2*d = -12. What is the hundreds digit of s?
5
What is the hundreds digit of (5 + -7 + (-284 - -2))*(-253)/92?
7
Suppose 17 = -7*s - 25. What is the hundreds digit of (-278*s/10)/((-64)/(-160))?
4
Suppose 19 = 4*j + 3*a, j + 4*j = -5*a + 20. Let r(y) = j*y - 5 - y + 28. What is the units digit of r(9)?
7
Suppose 0 = 63*x - 45531 - 63900. What is the tens digit of x?
3
Suppose -1775*q = -1829*q + 2154762. What is the tens digit of q?
0
Let x = 40 - 23. Let v be 2/x + (-3 - (-36116)/(-68)). What is the units digit of 1/(15/v)*35/(-14)?
9
Let f be 29/9 + (-8)/36. Suppose -x + 3 = 4*j, -6 = -4*j - 3*x + f. Suppose 5*z - 114 = -4*p, p - 4*p + 4*z + 70 = j. What is the units digit of p?
6
Let c(n) = -n**3 + 7*n**2 + 9*n - 7. Let z be c(8). Let k be z/(1/3*1). Suppose 5*b - 61 - 24 = -5*w, 56 = k*b + 4*w. What is the units digit of b?
2
What is the tens digit of (7 - (18 - 1)) + 8 + 10833?
3
Let s(a) = a**2 + 6*a + 6. Let y be s(-13). Let f = y + -99. What is the units digit of (5 - (f + 4)) + 179?
2
Let x = -6197 + 11233. What is the units digit of x?
6
What is the hundreds digit of (-4)/(-12)*53*4446/13?
0
Let j be (-16)/(-5) - (-2)/(-10). Let d = 69 + 4. Let t = d + j. What is the tens digit of t?
7
Let i = -29491 + 40703. What is the units digit of i?
2
What is the thousands digit of (-11802)/(-1)*332/996?
3
Let z(k) be the first derivative of 14*k**3/3 - k**2/2 - 4*k - 696. Let p be -3 + (2 - 1) + 0. What is the units digit of z(p)?
4
Let r(f) = 15*f**2 - 3*f + 1. Let v = 323 - 327. What is the units digit of r(v)?
3
Let a(u) = -u**3 + 16*u**2 - 14*u + 16. Let i be a(15). Let y = 135 - i. Suppose -y = 11*p - 1237. What is the hundreds digit of p?
1
Suppose 3*y = -2*p + 46216, -2*p + 11*y + 46232 = 10*y. What is the units digit of p?
4
Suppose -5*r - 4*r = -8*r. Suppose -w + r*w - 10 = 0. Let o = 1 - w. What is the tens digit of o?
1
Suppose 30 = 2*t - 6. Let x be ((-39)/26)/((-2)/(-4)). What is the units digit of 1/x + 42/t?
2
Suppose -b + k = 5, -2*b + 13 = 2*k + 3. Suppose b = -31*v + 33812 + 20655. What is the units digit of v?
7
Let s(t) be the second derivative of t**4/12 + t**3/2 - 2*t**2 + 6*t. Let h be s(-4). Suppose h = -25*p + 30*p - 455. What is the units digit of p?
1
Suppose 341060 = -331*t + 341*t. What is the hundreds digit of t?
1
Let m(w) = -w**3 + 7*w**2 + 8*w + 5. Let b be m(8). What is the tens digit of (-43*(20/2 + b))/(-1)?
4
Let l = 1701 + -518. Suppose l = -9*i + 16*i. What is the units digit of i?
9
Let c = -1289 + 1996. Let d(t) = -19*t - 38. Let h be d(-2). Suppose h = 3*z - 10*z + c. What is the hundreds digit of z?
1
Let o = -1297 - -708. Let a = 1186 + o. What is the tens digit of a?
9
Let p(j) = 15*j**2 - 2*j - 99. What is the units digit of p(39)?
8
What is the tens digit of -21 + (-4 - (20 - 64054))?
0
Let d(t) = -66*t + 155. Let s(k) = -2*k**2 + k + 52. Let x be s(6). What is the units digit of d(x)?
9
What is the thousands digit of ((-12)/(-42))/(2/96082)?
3
Let x(s) = -s + 26. Let w be x(-11). Let v = w + -70. Let y = v - -50. What is the tens digit of y?
1
Suppose -h - 9*h = 10*h - 84220. What is the hundreds digit of h?
2
Let a be (-28 + 28)/(2*(-3)/2). Suppose -5*n + 1176 + 1029 = 0. Suppose a = 2*t - 161 - n. What is the tens digit of t?
0
Suppose -3744 + 138807 - 6195 = 12*z. What is the units digit of z?
9
Let z = -1138 - -16327. What is the ten thousands digit of z?
1
Let v(n) = 33*n - 84 - 2*n**3 - 2*n**3 + 23*n**2 + 0*n**3 + 3*n**3 - 55*n**2. What is the units digit of v(-34)?
6
Suppose 49*m - 309595 - 165460 = 0. What is the hundreds digit of m?
6
Let g be 3 + -1 + (-10 - -4 - 5). What is the units digit of ((4644/(-5))/g)/((-3)/(-10))?
4
Let z be ((-8)/(-12))/(6/63). Suppose 0 = -z*h + 18 + 17. What is the units digit of -1*((-22)/(-2))/(h/(-75))?
5
Suppose 3*s = -3*r - 1923, 1442 + 1761 = -5*r - 3*s. Let f = -181 - r. What is the hundreds digit of f?
4
Suppose 0 = t - 15*a + 11*a + 608, 3*t - 4*a + 1792 = 0. Let l be 334/(-1 + 2 + -2). Let i = l - t. What is the units digit of i?
8
Suppose 4*u + 2*g = 226, 5*u - 3*g = -159 + 469. Suppose -3*j + 19 = -u. Suppose -t = b - 35, 0 = t - 3*b - j - 17. What is the tens digit of t?
3
Let f(y) be the second derivative of 2*y**5/5 - y**4/3 + 5*y**3/6 + 5*y**2/2 - 61*y. What is the hundreds digit of f(3)?
2
Let d(k) = 59*k - 16. Let w be d(3). Let s = w + 30. Suppose 5*p - 796 + s = 0. What is the hundreds digit of p?
1
Let w = 7 - -1. Let p(c) = 20*c - 89. Let l be p(4). Let n = w - l. What is the units digit of n?
7
Let d(t) = 2*t + 3. Let n be d(-5). What is the tens digit of (244/3)/(n/(-21))?
4
Let d(j) = -3*j**3 - 54*j**2 + 11*j + 9. What is the thousands digit of d(-22)?
5
Let s(w) = 14*w + 249. Let h be s(29). Let p = h + 428. What is the hundreds digit of p?
0
Let y(z) = -z**3 - 8*z**2 + z - 8. Let v be y(-6). Let l = v + 62. Let u = 175 - l. What is the tens digit of u?
9
Suppose 4*a = -3*a - 21. What is the tens digit of 7/((-21)/(-2)) - 196/a?
6
Suppose 3282*t - 3265*t - 685780 = 0. What is the tens digit of t?
4
Let p be ((-1)/(-2))/((-4)/(-136)). Suppose -2 = 3*n + 1, 0 = -3*k + 5*n + p. Suppose k*g = 155 - 15. What is the units digit of g?
5
Let m(r) = -31*r**2 - 7*r + 21. Let w(v) = -16*v**2 - 2*v + 10. Let o(p) = 2*m(p) - 5*w(p). What is the hundreds digit of o(-5)?
4
Let k be (-88)/(-24) - 2/(-6). Suppose 4404 = k*a + m, 4*m - 1454 = -3*a + 1836. What is the hundreds digit of a?
1
Suppose 3537082 = 60*p + 442822. What is the ten thousands digit of p?
5
Suppose -88*l + 85*l - 7177 = -n, -3*n + 21539 = -l. What is the tens digit of n?
8
Let w(r) be the first derivative of 1 + 3 + 24*r - 7*r**2 - 8*r. What is the units digit of w(-5)?
6
Let u = -346 - -346. Suppose o = -l + 5*o + 1350, -3*l + 4*o + 4082 = u. What is the tens digit of l?
6
Let p(i) = 935*i**2 - 24*i + 262. What is the tens digit of p(-8)?
9
Let n(o) = -223*o - 54. What is the thousands digit of n(-30)?
6
Let k(u) = -u**2 + 69*u - 14. Let c be k(36). Let v = -154 + c. What is the tens digit of v?
2
Suppose -306*b + 74 = -305*b. Let s = 768 - b. What is the units digit of s?
4
Suppose -39*j = -29*j + 16*j - 408902. What is the units digit of j?
7
Let r = 90 + -88. Suppose 3*c + 1136 = -6*f + f, 748 = -r*c - f. What is the tens digit of c/(-21)*(-14)/(-4)?
6
Let u(d) = -25*d + 260. Let j be u(11). What is the units digit of j*2/(-10) - -1316?
9
Suppose 631835 = 11*u + 4*u + 190835. What is the units digit of u?
0
Suppose 4*p = 3*x + 9, x - 15 = -p + 6*x. Suppose 5*a - 4*d - 36 = 0, 0 = -3*a - a + 2*d + 24. Suppose p*z - 704 = -a*z. What is the units digit of z?
6
Suppose -4*u = -3*k - 3*u - 1114, 3*k + u + 1112 = 0. Let y = k - -651. Suppose -40*q = -44*q + y. What is the units digit of q?
0
Suppose -251 = 2*t - 3*b + 2*b, -2*b + 246 = -2*t. Suppose -6*z + 4*z + o = 91, 4*z = -3*o - 187. Let f = z - t. What is the units digit of f?
2
Suppose 7*v = 2*v + b - 720, -5*v = -2*b + 725. Let k = 29 - v. What is the hundreds digit of k?
1
Let c = -6694 - -51245. What is the hundreds digit of c?
5
Let w be 10437/(-28) - -1*1/(-4). Let q = 902 + w. What is the hundreds digit of q?
5
Let l(d) = d**2 + 5*d**2 - 11 + 17*d + d**3 + 4*d**2 + 5*d**2. What is the units digit of l(-9)?
2
Let w = -2719 + 2823. Let q(i) = -i**2 - 4*i + 2. Let h be q(-3). Suppose -196 - w = -h*r. What is the tens digit of r?
6
Let g(b) = -2*b**3 - 22*b**2. Let o be g(-11). Suppose o = 103*i - 119*i + 17680. What is the hundreds digit of i?
1
Suppose -5*g + 5*a = -47130, -2*a - 4953 = -3*g + 23320. 